{"id":5187,"date":"2022-09-16T12:21:33","date_gmt":"2022-09-16T15:21:33","guid":{"rendered":"https:\/\/patrulheiro-evangelista-wordpress-904373-145-223-29-15.traefik.me\/?page_id=5187"},"modified":"2022-09-19T17:09:54","modified_gmt":"2022-09-19T20:09:54","slug":"sobre-nos","status":"publish","type":"page","link":"https:\/\/patrulheiroevangelista.com.br\/?page_id=5187","title":{"rendered":"Sobre n\u00f3s"},"content":{"rendered":"<div class=\"wp-block-image\">\n<figure class=\"alignleft size-large is-resized\"><img loading=\"lazy\" decoding=\"async\" src=\"http:\/\/patrulheiro-evangelista-wordpress-904373-145-223-29-15.traefik.me\/wp-content\/uploads\/2022\/09\/imagem-americana-1024x768.jpeg\" alt=\"\" class=\"wp-image-5276\" width=\"328\" height=\"246\" srcset=\"https:\/\/patrulheiroevangelista.com.br\/wp-content\/uploads\/2022\/09\/imagem-americana-1024x768.jpeg 1024w, https:\/\/patrulheiroevangelista.com.br\/wp-content\/uploads\/2022\/09\/imagem-americana-300x225.jpeg 300w, https:\/\/patrulheiroevangelista.com.br\/wp-content\/uploads\/2022\/09\/imagem-americana-768x576.jpeg 768w, https:\/\/patrulheiroevangelista.com.br\/wp-content\/uploads\/2022\/09\/imagem-americana.jpeg 1280w\" sizes=\"auto, (max-width: 328px) 100vw, 328px\" \/><\/figure><\/div>\n\n\n<p>O Patrulheiro Evangelista \u00e9 um site de not\u00edcias e m\u00eddia fundado por Sergio Evangelista de Souza e Joshua Rocha Evangelista de Souza, na cidade de Americana (SP), lan\u00e7ado em 29 de outubro de 2019, com o objetivo de informar os principais acontecimentos de Americana, Nova Odessa, Santa B\u00e1rbara d&#8217;Oeste e regi\u00e3o.<\/p>\n\n\n\n<p>O que antes come\u00e7ou como hobby registrando as ocorr\u00eancias da cidade com os clicks de uma c\u00e2mera fotogr\u00e1fica, noticiar passou a estar presente em nosso cotidiano atrav\u00e9s de participa\u00e7\u00f5es no r\u00e1dio, televis\u00e3o e principalmente nas redes sociais, fato que culminou na cria\u00e7\u00e3o do portal \u00e0s v\u00e9speras do estopim da pandemia de Covid-19.<\/p>\n\n\n\n<p>Acessado por mais de 125 mil usu\u00e1rios, com muita seriedade e \u00e9tica nos colocamos sempre a disposi\u00e7\u00e3o de nossos leitores. Sempre na mira das informa\u00e7\u00f5es relevantes para o seu cotidiano, esperamos que seja bem-vindo(a) ao nosso portal!<\/p>\n","protected":false},"excerpt":{"rendered":"<p>O Patrulheiro Evangelista \u00e9 um site de not\u00edcias e m\u00eddia fundado por Sergio Evangelista de Souza e Joshua Rocha Evangelista de Souza, na cidade de Americana (SP), lan\u00e7ado em 29 de outubro de 2019, com o objetivo de informar os principais acontecimentos de Americana, Nova Odessa, Santa B\u00e1rbara d&#8217;Oeste e regi\u00e3o. O que antes come\u00e7ou [&hellip;]<\/p>\n","protected":false},"author":1,"featured_media":0,"parent":0,"menu_order":0,"comment_status":"closed","ping_status":"closed","template":"","meta":{"footnotes":""},"class_list":["post-5187","page","type-page","status-publish","hentry"],"yoast_head":"<!-- This site is optimized with the Yoast SEO plugin v26.8 - https:\/\/yoast.com\/product\/yoast-seo-wordpress\/ -->\n<title>Sobre n\u00f3s - Patrulheiro Evangelista<\/title>\n<meta name=\"robots\" content=\"index, follow, max-snippet:-1, max-image-preview:large, max-video-preview:-1\" \/>\n<link rel=\"canonical\" href=\"https:\/\/patrulheiroevangelista.com.br\/?page_id=5187\" \/>\n<meta property=\"og:locale\" content=\"pt_BR\" \/>\n<meta property=\"og:type\" content=\"article\" \/>\n<meta property=\"og:title\" content=\"Sobre n\u00f3s - Patrulheiro Evangelista\" \/>\n<meta property=\"og:description\" content=\"O Patrulheiro Evangelista \u00e9 um site de not\u00edcias e m\u00eddia fundado por Sergio Evangelista de Souza e Joshua Rocha Evangelista de Souza, na cidade de Americana (SP), lan\u00e7ado em 29 de outubro de 2019, com o objetivo de informar os principais acontecimentos de Americana, Nova Odessa, Santa B\u00e1rbara d&#8217;Oeste e regi\u00e3o. O que antes come\u00e7ou [&hellip;]\" \/>\n<meta property=\"og:url\" content=\"https:\/\/patrulheiroevangelista.com.br\/?page_id=5187\" \/>\n<meta property=\"og:site_name\" content=\"Patrulheiro Evangelista\" \/>\n<meta property=\"article:publisher\" content=\"https:\/\/www.facebook.com\/patrulheiroevangelista\" \/>\n<meta property=\"article:modified_time\" content=\"2022-09-19T20:09:54+00:00\" \/>\n<meta property=\"og:image\" content=\"http:\/\/patrulheiro-evangelista-wordpress-904373-145-223-29-15.traefik.me\/wp-content\/uploads\/2022\/09\/imagem-americana-1024x768.jpeg\" \/>\n<meta name=\"twitter:card\" content=\"summary_large_image\" \/>\n<meta name=\"twitter:label1\" content=\"Est. tempo de leitura\" \/>\n\t<meta name=\"twitter:data1\" content=\"1 minuto\" \/>\n<script type=\"application\/ld+json\" class=\"yoast-schema-graph\">{\"@context\":\"https:\/\/schema.org\",\"@graph\":[{\"@type\":\"WebPage\",\"@id\":\"https:\/\/patrulheiroevangelista.com.br\/?page_id=5187\",\"url\":\"https:\/\/patrulheiroevangelista.com.br\/?page_id=5187\",\"name\":\"Sobre n\u00f3s - Patrulheiro Evangelista\",\"isPartOf\":{\"@id\":\"https:\/\/patrulheiroevangelista.com.br\/#website\"},\"primaryImageOfPage\":{\"@id\":\"https:\/\/patrulheiroevangelista.com.br\/?page_id=5187#primaryimage\"},\"image\":{\"@id\":\"https:\/\/patrulheiroevangelista.com.br\/?page_id=5187#primaryimage\"},\"thumbnailUrl\":\"http:\/\/patrulheiro-evangelista-wordpress-904373-145-223-29-15.traefik.me\/wp-content\/uploads\/2022\/09\/imagem-americana-1024x768.jpeg\",\"datePublished\":\"2022-09-16T15:21:33+00:00\",\"dateModified\":\"2022-09-19T20:09:54+00:00\",\"breadcrumb\":{\"@id\":\"https:\/\/patrulheiroevangelista.com.br\/?page_id=5187#breadcrumb\"},\"inLanguage\":\"pt-BR\",\"potentialAction\":[{\"@type\":\"ReadAction\",\"target\":[\"https:\/\/patrulheiroevangelista.com.br\/?page_id=5187\"]}]},{\"@type\":\"ImageObject\",\"inLanguage\":\"pt-BR\",\"@id\":\"https:\/\/patrulheiroevangelista.com.br\/?page_id=5187#primaryimage\",\"url\":\"http:\/\/patrulheiro-evangelista-wordpress-904373-145-223-29-15.traefik.me\/wp-content\/uploads\/2022\/09\/imagem-americana-1024x768.jpeg\",\"contentUrl\":\"http:\/\/patrulheiro-evangelista-wordpress-904373-145-223-29-15.traefik.me\/wp-content\/uploads\/2022\/09\/imagem-americana-1024x768.jpeg\"},{\"@type\":\"BreadcrumbList\",\"@id\":\"https:\/\/patrulheiroevangelista.com.br\/?page_id=5187#breadcrumb\",\"itemListElement\":[{\"@type\":\"ListItem\",\"position\":1,\"name\":\"In\u00edcio\",\"item\":\"https:\/\/patrulheiroevangelista.com.br\/\"},{\"@type\":\"ListItem\",\"position\":2,\"name\":\"Sobre n\u00f3s\"}]},{\"@type\":\"WebSite\",\"@id\":\"https:\/\/patrulheiroevangelista.com.br\/#website\",\"url\":\"https:\/\/patrulheiroevangelista.com.br\/\",\"name\":\"Patrulheiro Evangelista\",\"description\":\"\",\"publisher\":{\"@id\":\"https:\/\/patrulheiroevangelista.com.br\/#organization\"},\"potentialAction\":[{\"@type\":\"SearchAction\",\"target\":{\"@type\":\"EntryPoint\",\"urlTemplate\":\"https:\/\/patrulheiroevangelista.com.br\/?s={search_term_string}\"},\"query-input\":{\"@type\":\"PropertyValueSpecification\",\"valueRequired\":true,\"valueName\":\"search_term_string\"}}],\"inLanguage\":\"pt-BR\"},{\"@type\":\"Organization\",\"@id\":\"https:\/\/patrulheiroevangelista.com.br\/#organization\",\"name\":\"Patrulheiro Evangelista\",\"url\":\"https:\/\/patrulheiroevangelista.com.br\/\",\"logo\":{\"@type\":\"ImageObject\",\"inLanguage\":\"pt-BR\",\"@id\":\"https:\/\/patrulheiroevangelista.com.br\/#\/schema\/logo\/image\/\",\"url\":\"https:\/\/patrulheiroevangelista.com.br\/wp-content\/uploads\/2022\/09\/cropped-cropped-1-300x169-1-1.png\",\"contentUrl\":\"https:\/\/patrulheiroevangelista.com.br\/wp-content\/uploads\/2022\/09\/cropped-cropped-1-300x169-1-1.png\",\"width\":183,\"height\":103,\"caption\":\"Patrulheiro Evangelista\"},\"image\":{\"@id\":\"https:\/\/patrulheiroevangelista.com.br\/#\/schema\/logo\/image\/\"},\"sameAs\":[\"https:\/\/www.facebook.com\/patrulheiroevangelista\",\"https:\/\/www.instagram.com\/patrulheiro.evangelista\/\"]}]}<\/script>\n<!-- \/ Yoast SEO plugin. -->","yoast_head_json":{"title":"Sobre n\u00f3s - Patrulheiro Evangelista","robots":{"index":"index","follow":"follow","max-snippet":"max-snippet:-1","max-image-preview":"max-image-preview:large","max-video-preview":"max-video-preview:-1"},"canonical":"https:\/\/patrulheiroevangelista.com.br\/?page_id=5187","og_locale":"pt_BR","og_type":"article","og_title":"Sobre n\u00f3s - Patrulheiro Evangelista","og_description":"O Patrulheiro Evangelista \u00e9 um site de not\u00edcias e m\u00eddia fundado por Sergio Evangelista de Souza e Joshua Rocha Evangelista de Souza, na cidade de Americana (SP), lan\u00e7ado em 29 de outubro de 2019, com o objetivo de informar os principais acontecimentos de Americana, Nova Odessa, Santa B\u00e1rbara d&#8217;Oeste e regi\u00e3o. O que antes come\u00e7ou [&hellip;]","og_url":"https:\/\/patrulheiroevangelista.com.br\/?page_id=5187","og_site_name":"Patrulheiro Evangelista","article_publisher":"https:\/\/www.facebook.com\/patrulheiroevangelista","article_modified_time":"2022-09-19T20:09:54+00:00","og_image":[{"url":"http:\/\/patrulheiro-evangelista-wordpress-904373-145-223-29-15.traefik.me\/wp-content\/uploads\/2022\/09\/imagem-americana-1024x768.jpeg","type":"","width":"","height":""}],"twitter_card":"summary_large_image","twitter_misc":{"Est. tempo de leitura":"1 minuto"},"schema":{"@context":"https:\/\/schema.org","@graph":[{"@type":"WebPage","@id":"https:\/\/patrulheiroevangelista.com.br\/?page_id=5187","url":"https:\/\/patrulheiroevangelista.com.br\/?page_id=5187","name":"Sobre n\u00f3s - Patrulheiro Evangelista","isPartOf":{"@id":"https:\/\/patrulheiroevangelista.com.br\/#website"},"primaryImageOfPage":{"@id":"https:\/\/patrulheiroevangelista.com.br\/?page_id=5187#primaryimage"},"image":{"@id":"https:\/\/patrulheiroevangelista.com.br\/?page_id=5187#primaryimage"},"thumbnailUrl":"http:\/\/patrulheiro-evangelista-wordpress-904373-145-223-29-15.traefik.me\/wp-content\/uploads\/2022\/09\/imagem-americana-1024x768.jpeg","datePublished":"2022-09-16T15:21:33+00:00","dateModified":"2022-09-19T20:09:54+00:00","breadcrumb":{"@id":"https:\/\/patrulheiroevangelista.com.br\/?page_id=5187#breadcrumb"},"inLanguage":"pt-BR","potentialAction":[{"@type":"ReadAction","target":["https:\/\/patrulheiroevangelista.com.br\/?page_id=5187"]}]},{"@type":"ImageObject","inLanguage":"pt-BR","@id":"https:\/\/patrulheiroevangelista.com.br\/?page_id=5187#primaryimage","url":"http:\/\/patrulheiro-evangelista-wordpress-904373-145-223-29-15.traefik.me\/wp-content\/uploads\/2022\/09\/imagem-americana-1024x768.jpeg","contentUrl":"http:\/\/patrulheiro-evangelista-wordpress-904373-145-223-29-15.traefik.me\/wp-content\/uploads\/2022\/09\/imagem-americana-1024x768.jpeg"},{"@type":"BreadcrumbList","@id":"https:\/\/patrulheiroevangelista.com.br\/?page_id=5187#breadcrumb","itemListElement":[{"@type":"ListItem","position":1,"name":"In\u00edcio","item":"https:\/\/patrulheiroevangelista.com.br\/"},{"@type":"ListItem","position":2,"name":"Sobre n\u00f3s"}]},{"@type":"WebSite","@id":"https:\/\/patrulheiroevangelista.com.br\/#website","url":"https:\/\/patrulheiroevangelista.com.br\/","name":"Patrulheiro Evangelista","description":"","publisher":{"@id":"https:\/\/patrulheiroevangelista.com.br\/#organization"},"potentialAction":[{"@type":"SearchAction","target":{"@type":"EntryPoint","urlTemplate":"https:\/\/patrulheiroevangelista.com.br\/?s={search_term_string}"},"query-input":{"@type":"PropertyValueSpecification","valueRequired":true,"valueName":"search_term_string"}}],"inLanguage":"pt-BR"},{"@type":"Organization","@id":"https:\/\/patrulheiroevangelista.com.br\/#organization","name":"Patrulheiro Evangelista","url":"https:\/\/patrulheiroevangelista.com.br\/","logo":{"@type":"ImageObject","inLanguage":"pt-BR","@id":"https:\/\/patrulheiroevangelista.com.br\/#\/schema\/logo\/image\/","url":"https:\/\/patrulheiroevangelista.com.br\/wp-content\/uploads\/2022\/09\/cropped-cropped-1-300x169-1-1.png","contentUrl":"https:\/\/patrulheiroevangelista.com.br\/wp-content\/uploads\/2022\/09\/cropped-cropped-1-300x169-1-1.png","width":183,"height":103,"caption":"Patrulheiro Evangelista"},"image":{"@id":"https:\/\/patrulheiroevangelista.com.br\/#\/schema\/logo\/image\/"},"sameAs":["https:\/\/www.facebook.com\/patrulheiroevangelista","https:\/\/www.instagram.com\/patrulheiro.evangelista\/"]}]}},"_links":{"self":[{"href":"https:\/\/patrulheiroevangelista.com.br\/index.php?rest_route=\/wp\/v2\/pages\/5187","targetHints":{"allow":["GET"]}}],"collection":[{"href":"https:\/\/patrulheiroevangelista.com.br\/index.php?rest_route=\/wp\/v2\/pages"}],"about":[{"href":"https:\/\/patrulheiroevangelista.com.br\/index.php?rest_route=\/wp\/v2\/types\/page"}],"author":[{"embeddable":true,"href":"https:\/\/patrulheiroevangelista.com.br\/index.php?rest_route=\/wp\/v2\/users\/1"}],"replies":[{"embeddable":true,"href":"https:\/\/patrulheiroevangelista.com.br\/index.php?rest_route=%2Fwp%2Fv2%2Fcomments&post=5187"}],"version-history":[{"count":10,"href":"https:\/\/patrulheiroevangelista.com.br\/index.php?rest_route=\/wp\/v2\/pages\/5187\/revisions"}],"predecessor-version":[{"id":5285,"href":"https:\/\/patrulheiroevangelista.com.br\/index.php?rest_route=\/wp\/v2\/pages\/5187\/revisions\/5285"}],"wp:attachment":[{"href":"https:\/\/patrulheiroevangelista.com.br\/index.php?rest_route=%2Fwp%2Fv2%2Fmedia&parent=5187"}],"curies":[{"name":"wp","href":"https:\/\/api.w.org\/{rel}","templated":true}]}}